= -2*j**3 + 10*j**2 + 21*j. Let r(h) = 2*b(h) + 3*v(h). Does 8 divide r(6)?
False
Suppose 0 = 5*p + y - 475 - 1390, 0 = -5*p - 4*y + 1880. Does 2 divide p?
True
Let i(y) = y**3 - 26*y**2 - 26*y + 63. Let d be i(27). Let r = d - 40. Is 27 a factor of r?
False
Does 33 divide ((-120)/96)/((-3)/12) - 16*-1759?
True
Let i(n) = -n**2 + 9*n - 13. Let t = -59 - -65. Let z be i(t). Suppose -13 = z*p - 238. Does 7 divide p?
False
Let n be -1 + -4 + (8 - -2). Suppose -c - n = 0, 5*q - 10*q - 5*c = -195. Is q a multiple of 23?
False
Let d(k) = k**3 + 3*k**2 + 14*k - 36. Let p be d(10). Suppose 5*g - 14*c = -17*c + p, 15 = 5*c. Is g a multiple of 3?
True
Suppose -1136*k + 1041*k + 149815 = 0. Does 77 divide k?
False
Let g(d) = -d**2 - 15*d - 14. Let o be g(-14). Suppose -21*p + 1252 + 1436 = o. Is 16 a factor of p?
True
Is 19 a factor of 483273/70 + (-5)/(-50)?
False
Let u = 4390 - 2368. Is 14 a factor of u?
False
Suppose 228*n = 232*n + 4. Let b(w) = 158*w**2 - w - 1. Is b(n) a multiple of 18?
False
Let f(u) = 25 + 5*u - u - 8. Let i be f(-6). Let m(l) = 2*l**2 - 2*l - 4. Is m(i) a multiple of 17?
False
Let c = -127 + 90. Let z(r) = -r**3 + 3*r - 3. Let o be z(1). Does 10 divide (1 + 0)*o - (c - 8)?
False
Suppose 4048 = 18*w - 2*w. Suppose i - 2*i = o - w, -3*o + 5*i = -799. Does 21 divide o?
False
Let t(j) = j**2 + 17*j + 28. Let s(i) = 2*i**2 + 35*i + 56. Let v(p) = -3*s(p) + 5*t(p). Is 2 a factor of v(-18)?
True
Let y be (60/18)/10*-63. Is 12448/112 + 3/y a multiple of 15?
False
Let a = 56971 + -10048. Is 178 a factor of a?
False
Let h = -21 + 2. Let u = 17 + h. Is (-3*8/(-60))/(u/(-1320)) a multiple of 15?
False
Let i = 224 - -163. Suppose -i = 24*n - 8307. Is n a multiple of 33?
True
Suppose 6*j + 9*j - 720 = 0. Is (1764/10)/(j/120) a multiple of 26?
False
Let w = -584 + 202. Let s = w - -443. Is s a multiple of 8?
False
Let j be (45/20 + (-1)/4)*3. Let n(v) = 24*v - 37. Let c be n(j). Suppose -c = -4*h - 79. Is 2 a factor of h?
False
Suppose -4*z - 45 = -109. Let w(v) = -3*v**3 + 48*v**2 + 5*v - 11. Let o(q) = -q**3 + 16*q**2 + 2*q - 2. Let s(g) = 8*o(g) - 3*w(g). Is 33 a factor of s(z)?
True
Let w(x) = -x**3 + 2*x**2 - 10*x + 9. Let l be w(1). Suppose l = -24*j + j + 1150. Is 3 a factor of j?
False
Suppose 18*f + 15165 = 3*s + 13*f, 3*s = f + 15177. Is 5 a factor of s?
True
Let t(h) = -4911*h + 1124. Is t(-3) a multiple of 20?
False
Suppose -5*p - 11647 = -9103 - 216769. Does 11 divide p?
True
Let x(a) = -11*a + 25. Let n be 702/(-81) - (2 + 5/(-3)). Does 7 divide x(n)?
False
Let y be (0 + (7 - 3))/2. Suppose y*k = -3*k + 1935. Suppose -10*h + h = -k. Is 14 a factor of h?
False
Let b(q) = 2*q**2 + 7*q - 31. Suppose 0 = 4*d + 52 - 0. Let h(k) = -2*k**2 - 24*k + 13. Let f be h(d). Is 36 a factor of b(f)?
True
Let u = -335 + 340. Suppose 4*d - 1016 = i, -2*d + 745 = d - u*i. Is d a multiple of 51?
True
Let f(i) = 3*i + 10. Let b be f(-3). Suppose -4*t - b = 3. Is 25 a factor of t + 7/5 + (-1548)/(-30)?
False
Let c(a) = a**3 + 25*a**2 - 29*a + 35. Let j be c(-26). Let i = 83 + j. Does 14 divide i?
True
Suppose 13347 = 88*i + 48*i - 34525. Does 8 divide i?
True
Let k(o) = 22*o + 55. Let x(h) = 7*h + 18. Let w(v) = 2*k(v) - 7*x(v). Suppose -3 = 3*t + 15. Is w(t) a multiple of 9?
False
Is 45/21 - 2 - 20681980/(-1540) a multiple of 79?
True
Is 80*245/12*3 a multiple of 6?
False
Let w = -261 + 264. Suppose 2*v - w*v + 117 = -3*x, -3*v + 3*x + 369 = 0. Is v a multiple of 18?
True
Let f = -335 + 337. Suppose -2*o + 375 = -3*b, 9*b - 11*b - 376 = -f*o. Is 21 a factor of o?
True
Suppose t - 2862 = -3*n, -21*t = -16*t + 4*n - 14310. Is 54 a factor of t?
True
Let z be (13/(-26))/((-2)/(-152)). Suppose -4*b = -b - 5*j + 132, 3*b = -4*j - 159. Let d = z - b. Is d a multiple of 2?
False
Let l(x) = -2*x**3 + 2*x**2 + 12*x + 13. Let b be ((-2)/(-5) - 1) + 54/15. Suppose 5*o + 15 = -5*z, -7*o + 5*o = b*z + 5. Is 25 a factor of l(o)?
True
Let o(s) = -24 + 926*s**2 - 8 - 11*s - 942*s**2 - s**3. Does 48 divide o(-16)?
True
Let c(n) = 508*n + 12183. Does 92 divide c(146)?
False
Is (56 + -13 + -1720)*(2 - (-10)/(-3)) a multiple of 6?
False
Let h = 31834 - 11316. Is 8 a factor of h?
False
Is 267528/(-7 + 15) - (1 - 4) a multiple of 9?
True
Let d = -18762 - -30290. Is d a multiple of 24?
False
Let y(c) = -5 - 4*c + 7*c + 31*c. Let w be y(-3). Let s = 233 + w. Is s a multiple of 22?
False
Suppose 4*f = -4*b + 140, 0*f = -2*f + 4*b + 40. Let x be 100/f - (-4)/6. Suppose 2*l + 4 = 0, 0*j + 50 = x*j - 5*l. Is j a multiple of 4?
False
Suppose 2*d = -5*z + 35010, 5*d - 17298 = -5*z + 17727. Is 56 a factor of z?
True
Let k be (3 - 15)*3296/(-24). Let m = -1058 + k. Is 59 a factor of m?
True
Let n(m) = 242*m**2 - 4*m - 8. Does 148 divide n(4)?
True
Does 94 divide (-13 - (-1161)/86)/(-1*1/(-5076))?
True
Is 20 a factor of 8 + (3 - 1)*1462 + 8?
True
Suppose 3*h = -3*z + 7950, -4*h + 1567 + 9051 = -5*z. Is 51 a factor of h?
True
Suppose 5 = 4*y + 13. Let b be -4*3*y/12. Suppose 0 = b*u - 5*a - 76, -2*u + 0*u + 4*a = -80. Is 8 a factor of u?
True
Let x = 65979 + -46539. Is x a multiple of 54?
True
Let q(z) = 289*z**2 - 626*z + 1 + 625*z - 2. Is 15 a factor of q(-1)?
False
Suppose 31779 = 16*b - 7389. Is b a multiple of 72?
True
Suppose 213904 = 24*k - 342512. Is k a multiple of 12?
True
Let b(w) = -50*w + 28. Let v be b(-6). Suppose 14*n - 12*n = v. Suppose -n - 172 = -8*m. Does 14 divide m?
True
Suppose -162*z + 281753 = -850599 - 2065528. Does 46 divide z?
False
Let m = 5821 - 2757. Suppose 597 + m = 7*v. Does 17 divide v?
False
Let m = 7 + 27. Suppose -3*l - 152 - m = 0. Let n = -7 - l. Is n a multiple of 11?
True
Does 11 divide (-224)/(-35)*(7 + -9)*(-55 + 0)?
True
Let c(l) = 5*l**2 - 18*l - 18. Let j be c(-1). Suppose j*p - 31 = 494. Does 20 divide p?
False
Let l(b) = 21 + 2 - 1 - 5*b. Let h be l(4). Does 7 divide (3 + h - 15)/(4/(-26))?
False
Let q be 2/(-11) + 2465/(-55). Let d be -4*q/(-6)*(-1)/(-3). Is 24 a factor of (-591)/(-15) - (-4)/d?
False
Suppose 4*k - 5*r = 43797, -24*k - 21893 = -26*k - 3*r. Is k a multiple of 28?
True
Is (-21478)/(-2) - (7 + -6 - 6) a multiple of 10?
False
Let t be (9/18)/((-1)/2). Let r(j) = -58*j + 4. Let n be r(t). Suppose w = 28 + n. Does 10 divide w?
True
Let l be 2 - (-7 - -14 - -748). Let a = 925 + l. Is 2 a factor of a?
True
Let s(i) = i**3 + 5*i**2 + 4*i + 5. Let p(h) = 10*h + 26. Let l be p(-3). Let c be s(l). Does 38 divide c - 6/(30/(-1495))?
True
Let l be -7 - 9/(-18)*2612. Suppose 941 = m + 4*y, -3*y = m + 354 - l. Is 34 a factor of m?
False
Suppose 0 = 54*i - 51*i - 15. Suppose 2215 = i*r - 5*s, -3*r - 6*s + 1317 = -5*s. Is 40 a factor of r?
True
Is 22 a factor of -18 + 120/10 + (-1 - -351)?
False
Let y = -5080 - -7544. Does 14 divide y?
True
Suppose 2*x + 4*g - 964 = 0, -g = -x + 75 + 416. Is x a multiple of 9?
False
Let q = 90 + -160. Let t = 131 - q. Does 42 divide t?
False
Suppose 5*c - 7 = 2*n, 3*n + 0*n - 18 = -2*c. Let p be ((-12)/(-10))/(n/(-5) - -1). Does 18 divide ((-4)/(-6))/(p/1197)?
False
Let z be ((-64)/(-12))/4*789/2. Let d = z + 421. Is 28 a factor of d?
False
Does 55 divide 6/((-90)/15) - -18371?
True
Suppose w = -w + b + 43, 5*w + 5*b = 115. Suppose -w*d + 18*d = -1248. Suppose -4*f + d = 4*f. Does 11 divide f?
False
Suppose -5*h + 0*h = -2900. Let n be h/16 - 1/4. Suppose 3*t - n = 30. Is 11 a factor of t?
True
Let m(f) be the first derivative of 2*f**3/3 + 8*f**2 + 30*f + 2. Is 8 a factor of m(-11)?
True
Suppose -5 + 1 = -4*z - 3*g, -2 = -5*z - 3*g. Let a be (-2 - 1) + (-278)/z + 3. Let m = a + -112. Is m a multiple of 13?
False
Let d(g) = -g**3 + 18*g**2 - 16*g + 690. Does 44 divide d(16)?
False
Suppose -7*b = -3*b - 8. Suppose 4*n = b*l - 60, 5*l - 99 - 15 = n. Is 8 a factor of (-4)/l - 7056/(-88)?
True
Suppose 3*w - 2*q - 36594 = 0, 47939 = 5*w + 4*q - 13051. Is 114 a factor of w?
True
Suppose -510*s = -496*s - 28. Suppose 32 = 4*y - s*x, y - 2*x + 2 = 7. Is y even?
False
Let i(p) = -714*p - 1003. Is 59 a factor of i(-19)?
False
Let a(y) = y**2 + 35*y + 48. Let f be a(-34). Let d(p) = p**3 - 14*p**2 + 7. Does 2 divide d(f)?
False
Let v(d) be the second derivative of -2*d + 1/3*d**3 + 0 + 2*d**2. Is v(6) a multiple of 16?
True
Let t(d) = -d**2 - 14*d - 14. Let w be t(-12). Let a be (-3)/12*-2 - (-1335)/w. Let v 